(0 - 0) + 1)/(-1). Determine r(l).
-1
Let c(b) = 5*b + 4. Suppose -y - 10 = 2*h, h + 29 = -2*y + 6. Let z = y - -8. What is c(z)?
-16
Let n(w) = 8*w + 31. Let x(c) = -c. Let s(g) = n(g) + 4*x(g). Let z be s(-6). Let o(v) = -v + 3. Determine o(z).
-4
Let s(d) = -5*d**2 + 40*d - 70. Let i be s(2). Let w(x) = -x**3 - 11*x**2 - 5*x + 22. Give w(i).
-28
Let h(n) = 23*n**3 - 1 - 20*n**3 + 4 + n. Let i(x) = -10*x**3 - x**2 - 4*x - 10. Let m(u) = 7*h(u) + 2*i(u). Give m(3).
7
Let j(y) = y**3 - 4*y**2 - 2*y + 5. Suppose 15 + 29 = 11*n. Give j(n).
-3
Let p(y) = 6*y**3 - 16*y**2 + y - 6. Let r be p(3). Let f(v) = v**3 - 16*v**2 + 15*v + 4. Determine f(r).
4
Let n = -16 - -21. Suppose -15 = -5*r - 2*d, 2*d - 11 = -r - 0*r. Let u(z) = -2*z + 3 - 1 + r. What is u(n)?
-7
Let q(n) be the second derivative of -n**5/20 + 5*n**4/6 + 5*n**3/3 + 4*n**2 + 38*n - 2. Give q(11).
-3
Suppose -18*c = -14*c - 12. Let k(y) = -6*y**2 + 8 + y**2 - 4*y + 6*y**3 - 5*y**3 - c*y. Determine k(6).
2
Let y(q) = 7*q**2 + 2*q + 21. Let h(r) = 6*r**2 + 3*r + 18. Let g(l) = -6*h(l) + 5*y(l). Determine g(-3).
12
Let t(y) = 1021*y - y**3 - 1022*y + 0 - 4 - y**2. Determine t(0).
-4
Let i(b) = -b**2 - 8*b + 12. Let j be (-19)/(570/12) + 38/(-5). Determine i(j).
12
Let q be (1 - 3 - -5) + 12/(-4). Suppose -5*v + 4*l + 7 - 1 = 0, q = -2*v - 4*l - 20. Let p(t) = -2*t - 2. What is p(v)?
2
Let y(n) = -8*n**2 - 83*n - 24. Let l be y(-10). Let u(t) = 2*t**2 - 4*t + 1. Let b be u(3). Suppose -b + l = -z. Let i(j) = 18*j**3 + j**2 - 1. Calculate i(z).
18
Let p = -786 + 776. Let j(n) = n**2 + 10*n - 2. Give j(p).
-2
Let d be (-19)/57 + (-2)/(-6). Let z(s) = s + 7 + d*s - 1. Determine z(-6).
0
Let o(b) = -5*b**2 + b - 10. Let k(g) = g**2 - g + 3. Let z(m) = -4*k(m) - o(m). Suppose 4*l + l + 15 = 0. Determine z(l).
-2
Let o be (-25)/15*3 + 1. Let p(q) = 4 + 3*q + 0 - 3*q - 2*q**2 - q**3 + 5*q. Calculate p(o).
16
Let g(z) = 1 - 3*z**2 - 12 - 5*z**2 + 10 - z**3 - 15*z - 4*z**2. What is g(-11)?
43
Let q(o) = -o**2 - 5*o - 7. Let a be q(0). Let l(x) = x**3 + 6*x**2 - 8*x - 6. Calculate l(a).
1
Let u(w) = 5*w**3 + 7*w**2 - 4*w + 4. Let i(f) = -f**3. Let h(g) = -6*i(g) - u(g). Suppose 4*s + t + 3*t - 16 = 0, -t = 5*s - 28. Calculate h(s).
-16
Let h(k) = 2*k - 2. Suppose -10 = u - 0*u. Let a be (-4)/(-8) + u/(-4). Suppose -13 = -5*w - a. Give h(w).
2
Let z(a) = a. Let c be z(2). Suppose -c*h - 4 = -h. Let s(w) be the second derivative of w**5/20 + w**4/4 - 5*w**3/6 - w**2 - 124*w. What is s(h)?
2
Let x be ((-4)/2)/(-1*2/3). Let d(c) = -4*c - 9 + 5*c + x + 4. What is d(0)?
-2
Let z = 36 - 33. Let o(x) = 14*x + 2*x**2 - z*x**2 - 12*x - 8*x - 9. Determine o(-6).
-9
Let v(x) = -x**2 - 2*x + 4. Let a(k) = -4*k + 6. Let w be a(-3). Suppose -4*s = s - 4*t + 110, t = 0. Let c = w + s. Determine v(c).
-4
Let q(t) = -t - 1. Let c be q(0). Let p be 4 + (-2 - (c + -1)). Let s(a) = 0 - a + 0 + 2*a + 2. What is s(p)?
6
Let v(j) = 2*j**3 + 2*j**2 - 1. Let b(t) = -2*t + 15. Let r be b(5). Suppose -r*x = -3*w + w + 20, 0 = -2*x + 2*w - 14. Give v(x).
-9
Let h(t) = t**3 + 8*t**2 + 6*t - 10. Let z be (3 + -4)*-2 - -4. Suppose 10 + 32 = -z*u. What is h(u)?
-3
Let t(s) = 12*s + 1. Suppose -7 - 10 = u - 8*q, 5*q = 10. Determine t(u).
-11
Let m(q) = q**2 - 8*q + 2. Suppose 75 = 2*c - 5*c. Let u = c + 43. Suppose 4*k - k = u. Determine m(k).
-10
Let w(b) = -b + 8 + 2*b - b - 3*b - 2. Suppose 2*o = -0*o + 10. Suppose 5*a - 6 = -5*c - 1, 5*c - 55 = o*a. Determine w(c).
-12
Let w be -2*4*7/14. Suppose -5*b + 23 = 2*m, 0 = 4*b - 4*m - m - 25. Let i(n) = 3 + 4 - 1 + b*n + n**2 - 7. What is i(w)?
-5
Let w(b) = -3*b**3 - 8*b**2 - 7*b + 6. Let t(c) = 16*c**3 + 41*c**2 + 36*c - 30. Let m(z) = 2*t(z) + 11*w(z). Let r = -385 + 380. Determine m(r).
6
Let w(f) = -12*f**2 + 4*f - 1. Let a(k) = -33*k**2 + 11*k - 2. Let h(u) = -3*a(u) + 8*w(u). Give h(2).
8
Let x(l) = 2*l**2 - 19 + 2*l**2 + 13 + 7. Let h be x(-1). Let p(t) = -4*t + h*t + 3*t**2 + 6*t**2. Determine p(-1).
8
Let c be 11 - (-1)/(2/(-2 - -4)). Suppose 2 = 5*d + c. Let u(f) = f**3 + 3*f**2 + f + 2. What is u(d)?
4
Let w(r) = r**3 - r**2 + r + 3. Suppose -g + 16 = 3*g. Suppose -4 = g*p - 3*p. Let z = 4 + p. What is w(z)?
3
Let o be 3*(24/9 - 2). Let p(u) = -3*u + 3. Let k(a) = -a. Let x = -27 - -26. Let t(r) = x*k(r) + p(r). Determine t(o).
-1
Let a(l) = -4*l**3 + 3*l**2 - 1. Let b be 8 - 1 - (22 + -17). Calculate a(b).
-21
Let y(d) = -d**2 - 12*d + 4. Let n(t) = t**2 + 22*t - 7. Let w(j) = -3*n(j) - 5*y(j). What is w(6)?
37
Let f(o) = o**3 + 6*o**2 + 2*o + 9. Let n be (6/(-10))/((-2)/70). Let m = n - 27. Calculate f(m).
-3
Let f(t) = t**2 + 11*t + 15. Let x(l) = l**2 - 19*l + 24. Let o be x(17). Give f(o).
5
Suppose -3*b = -5*z - 16, 2*z = 5*b + 4*z - 6. Suppose -a = -n - n - 1, b*n - 3 = -3*a. Let t(u) be the third derivative of u**4/24 + 4*u**2. Determine t(a).
1
Let d(y) = -4*y**3 - 9*y**2 - 9*y + 3. Let z(h) = 7*h**3 + 18*h**2 + 17*h - 7. Let v(r) = 5*d(r) + 3*z(r). Calculate v(-8).
10
Let j(t) = -4 + 3135*t + 3 + 28*t**3 - 3137*t. Calculate j(-1).
-27
Let x(v) = -v**2 - 8*v - 10. Let o = 74 + -18. Suppose 12*p + o = 10*p. Let r be (p/8*2)/1. What is x(r)?
-3
Suppose -o + r + 80 = -6*o, -4*r - 80 = 5*o. Let s(x) = -x**2 - 14*x + 32. What is s(o)?
0
Let x(f) = -f - 7. Let h(p) = p + 7. Let z(n) = -4*h(n) - 5*x(n). Calculate z(-2).
5
Let p be (-2)/11 - (-18)/(-22). Let n(r) = 47*r**3 - 27*r**3 - 22*r**3 + 0*r - r. Calculate n(p).
3
Let b = -148 + 151. Let x(j) = -j - 2. Let p(t) = -t - 2. Let r(h) = b*x(h) - 4*p(h). Determine r(-2).
0
Let p(s) = s - 2. Let v be ((-24)/16)/((-3)/2). Suppose 11 = 5*r + z - v, 4*z + 3 = -3*r. Suppose 2*f - f - r*j = -6, 24 = -4*f - j. Determine p(f).
-8
Let x = 23 - 41. Let o = x + 15. Let n(j) = -3 - 5*j - 8*j**2 + 6*j**2 + 1. Give n(o).
-5
Let p = -15 - -16. Let w(f) = -4*f**3 - f - 21 - 5*f**3 + 22 + 3*f**3. Give w(p).
-6
Let c(j) be the first derivative of -j**2/2 - 6*j + 494. Determine c(9).
-15
Suppose 3*q + 2*w = 4*w + 15, w = -5*q + 12. Let u(t) = -t + 6. Calculate u(q).
3
Let d(k) = -3*k**3 + 9*k**2 + 11*k + 6. Let f be d(4). Let b(y) be the first derivative of y**4/4 - 4*y**3/3 + y**2/2 - y - 1. Determine b(f).
-7
Suppose 2*i - 5 = -3*i. Suppose f - 807 = -5*p - f, -f + 159 = p. Let o(u) = u**2 - 164 + p + u**2. Determine o(i).
1
Let z(n) = n - 2. Suppose 0 = 2*l + 6, 5*g - l - 51 = 2*g. Let y(m) = -m**2 + 16*m + 7. Let t be y(g). Give z(t).
5
Let o(x) = -x**2 - x - 6. Suppose -5*b = -2*f + 558, 0*f - 2*f + 446 = -4*b. Let l = 112 + b. Calculate o(l).
-6
Let q(o) = 13*o - 11. Let m(r) = 5*r - 4. Let b(s) = 11*m(s) - 4*q(s). Determine b(-5).
-15
Let q(k) = k**2 - k + 4. Let g(d) = d**3 - 6*d**2 + 5*d - 2. Let p = -7 + 12. Let m be g(p). Let r be (-3 - -3)/(m + 1). Calculate q(r).
4
Let f(y) = -3*y**2 + 7*y + 6. Suppose 0 = 5*s + 5*w + 9 - 49, 5*s - 2*w - 19 = 0. Give f(s).
-34
Let s(w) = 27*w**3 + 17*w**2 - 19*w + 5. Let l(t) = 23*t**3 + 16*t**2 - 18*t + 5. Let m(a) = -7*l(a) + 6*s(a). Determine m(8).
-37
Suppose -25 = -17*m + 94. Let u(w) = 4*w + 2. Determine u(m).
30
Let t(i) = i**3 + 2*i**2 + 2*i - 3. Let z be t(-2). Let b(j) = 2*j + 21. Calculate b(z).
7
Let t(d) = 2*d**2 - 24*d + 3. Let a be t(12). Let b be a/2*(-32)/48. Let h(v) = -4*v - 1. Calculate h(b).
3
Let g be (9 + -9)*(1 - 0)/2. Let s(a) = -a - 19. Determine s(g).
-19
Suppose 2*l + 18 = -3*n + l, -2*n + 5*l + 5 = 0. Let m(p) = p**2 - 1. Let h(q) = -4*q**2 - 6*q + 6. Let z(r) = -h(r) - 3*m(r). Give z(n).
-8
Suppose -5*n = 5*f, n + 8*f = 5*f. Let i(w) be the third derivative of 12*w**2 + n + 1/2*w**3 + 0*w + 1/12*w**4. Give i(-5).
-7
Let z(o) be the second derivative of -7*o**3/6 - 5*o**2/2 + 148*o. Determine z(-1).
2
Let l = -34 + 40. Let o(m) be the second derivative of -m**4/12 + 13*m**3/6 - m**2/2 - m. Let k(y) = y. Let f(j) = l*k(j) - o(j). Calculate f(6).
-5
Suppose 3*z - 19 = 5*k, -21*z + 2*k - 5 = -24*z. Let a(d) be the second derivative of -1/12*d**4 + 0 + 8*d - 1/6*d**z + 6*d**2. Determine a(0).
12
Suppose -5*f + 2*s - 103 = 0, 4*f + s = 7*f + 62. Let v = -6 - f. Suppose 0 = 5*b + 5*y - 5 - 25, v = b + 4*y. Let p(l) = -2*l**2 + 5*l - 2. Calculate p(b).
-5
Let l(r) be the second derivative of -r**3/6 + r**2 - r. Suppose -4*v - 18 = -2. Let z(n) = n - 1. Let u(q) = v*l